= 5*t**3 + 17*t**2 + 6*t + 33. Let b(r) = 4*l(r) + v(r). Let m be b(-16). Suppose 2*z = 15 + m. What is the tens digit of z?
3
Let r(h) be the second derivative of -7/3*h**3 + 0*h**2 + 0 + 2*h. What is the units digit of r(-2)?
8
Suppose 313*u - 88*u = 3182400. What is the hundreds digit of u?
1
Suppose 0 = 2*o - 65 + 75, 57140 = 4*w + 4*o. What is the thousands digit of w?
4
Let g(w) be the second derivative of w**4/6 - w**3/3 + 27*w**2/2 - 113*w. What is the hundreds digit of g(10)?
2
Suppose 17516 = 2*x - 2343*o + 2348*o, -8776 = -x + 2*o. What is the thousands digit of x?
8
Suppose z = -4*y + 6519, -y - 4754 = 4*z - 30845. What is the hundreds digit of z?
5
Let t(y) = -2*y**3 + 9*y**2 + 5*y + 4. Let l be t(5). Suppose -515 - 545 = -l*b. What is the units digit of b?
5
Let t(x) = 14*x**2 + 54*x - 1847. What is the hundreds digit of t(40)?
7
Suppose 66*v - 32 = 58*v. Suppose p - 5*p + 4504 = v*y, -5*y = 3*p - 3372. What is the units digit of p?
9
Let a(s) = -4 - 19 + 24*s - 3*s + 0*s. What is the units digit of a(4)?
1
Suppose -15*o + 143302 = 20*o - 21128. What is the thousands digit of o?
4
Let l(v) = 3*v**2 + 95*v + 289. Let b be l(-35). Let q be -1 - (-2 + (-2)/(-2)). Suppose -2*y + 5*y - b = q. What is the hundreds digit of y?
2
Let q(l) = l**2 + 2*l. Let u(y) = -3*y**3 - 7*y**2 - 8*y + 9. Let i(r) = -5*q(r) - u(r). What is the units digit of i(5)?
6
Suppose -2*q = -5*x - 16, -6*x + 2*x - 24 = -3*q. Let z(n) = -7*n**2 + n**2 + 7*n - 13 + q*n**2. What is the tens digit of z(-12)?
9
Suppose 11*c - 11*c + 3*c - 14358 = 0. What is the units digit of c?
6
Let c(a) = -20*a**2 - 3*a + 4. Let w(t) = 41*t**2 + 6*t - 9. Suppose 2*r = -42 + 38. Let u(b) = r*w(b) - 5*c(b). What is the units digit of u(3)?
9
Suppose 0 = -0*f + f - 4*f. Suppose f = -2*d - 57 - 3. Let s = 53 + d. What is the units digit of s?
3
Let l(i) = i**2 - 21*i. Let z be l(12). Let s be 2 + (-2 - -281 - -1). Let o = s + z. What is the hundreds digit of o?
1
Let j = 427 + 2896. What is the thousands digit of j?
3
Suppose -137 + 1449 = 4*r. Suppose 20*y - r = -8. What is the units digit of y?
6
Let f = -13379 - -19576. What is the units digit of f?
7
Suppose -47*t + 261309 = 30*t - 216399. What is the units digit of t?
4
Suppose 0 = -11*n + 20*n + 36. Let y(m) = -404*m - 296. What is the tens digit of y(n)?
2
Let n(h) = -h**2 - 7*h - 63. Let y be n(23). What is the units digit of (60/18)/(-10)*y?
1
Let v(w) = -w**2 + 2*w + 28. Let n be (-1 - -7)*-2*(-3)/6. Let r be v(n). Suppose 32 - r = 4*u. What is the units digit of u?
7
What is the thousands digit of 108/5*(-444105)/(-426)?
2
Let a be 1*3 + ((-2)/(-1) - 4). Let i(s) = -94*s - 2 - a - 2 + 7. What is the units digit of i(-1)?
6
Let n(c) = -c**3 - 5*c**2 + 14*c - 8. Let i be n(-7). What is the tens digit of ((-2)/(-3))/(i/(-9624))?
0
Let f = 78 - 75. What is the tens digit of 270 + -8 + (f - 12/(-6))?
6
Let o = -655 + 646. What is the tens digit of (-174)/o*1590/20?
3
Suppose 6*z = 3*q - 5982, -5*q + 10012 = -728*z + 732*z. What is the thousands digit of q?
2
Suppose 0 = -0*k - 5*k - 220. Let o = k + 48. Suppose o*r = 3*d - 51, 4*d - 124 = -4*r - 28. What is the units digit of d?
1
Let p = -63 - -77. Suppose 39*d - p*d - 5650 = 0. What is the hundreds digit of d?
2
Suppose 0 = 4843*u - 4826*u - 237388. What is the ten thousands digit of u?
1
Suppose -56*z - 327*z + 10532117 = 0. What is the tens digit of z?
9
Let m(v) be the first derivative of v**4/4 + 2*v**3/3 - 3*v**2 - 5*v + 15. Let u be m(5). Suppose 39*f + u = 44*f. What is the units digit of f?
8
Let h(m) = -m**3 + 12*m**2 - 20*m + 8. Let y be h(10). Suppose -y*w + 5017 = -335. What is the tens digit of w?
6
Suppose 33*t + 71*t = 1766856. What is the units digit of t?
9
Let r be ((-7)/(105/(-234)))/((-15)/(-250)). Let c = 779 - r. What is the hundreds digit of c?
5
Suppose -6*h - 33852 = -45*h. What is the tens digit of h?
6
Let d(l) = -l**2 - 6*l + 3. Let a = -5 + -2. Let z be d(a). Let h(r) = r**3 + 7*r**2 + 5*r + 1. What is the units digit of h(z)?
9
Let q = 21 + -17. Let n(d) = 9*d**3 + 4*d**2 + 3*d. Let z be n(q). Suppose 19*i - 15*i = z. What is the tens digit of i?
6
Suppose 97442 = 7*g - 131696. What is the thousands digit of g?
2
Let q(g) = -g**3 - 28*g**2 - 20*g + 152. Let k be (-7)/((91/(-28))/(-13)). What is the tens digit of q(k)?
1
Let k = 99 - -2045. What is the hundreds digit of k?
1
Let a = 154 + 408. Suppose a = 3*r - 143. What is the tens digit of r?
3
Suppose 5*d - 2*d - 14 = -x, 4*d + 4*x = 24. Suppose -a - 2*j + 444 = 70, d*j = -4*a + 1480. What is the tens digit of a?
6
Suppose -3*t = -2*l + 58968, 0 = -23*l + 25*l + 3*t - 59016. What is the tens digit of l?
9
Let v(g) be the first derivative of 14/3*g**3 + 8*g + 3*g**2 - 16. What is the tens digit of v(-3)?
1
Let s = -27 + 31. Suppose 4*v = 4*t - 28, -v + 1 = s*t - 2. What is the tens digit of (0 - (-5 - -2))*(25 + t)?
8
Let f(x) = x**3 - 7*x**2 + 5*x - 47. Let q(k) = 4*k**2 + 29*k + 15. Let s be q(-7). What is the units digit of f(s)?
7
Let j = 12693 + 15731. What is the thousands digit of j?
8
What is the units digit of (-6)/30 + (7 - 204/(-20))?
7
Let v = 14241 + -994. What is the hundreds digit of v?
2
Suppose -2848 - 2111 = -f - 3*w, 24847 = 5*f + 2*w. What is the thousands digit of f?
4
Let f = 143 - 143. Suppose -i - 788 = -f*a - 3*a, a + 2*i - 272 = 0. What is the tens digit of a?
6
Suppose 3*t + 2*y - 4*y - 676 = 0, -3*t + 4*y = -674. Let z = -434 + 439. Suppose -3*u + t = 5*i, 4*i = -z*u + u + 288. What is the tens digit of u?
6
Let l = 367 + -196. Suppose l = 3*m + o, -m = 6*o - o - 71. Suppose 0 = r + 3*k - m, 2*k + 129 = 3*r - 2*k. What is the tens digit of r?
4
Let u be 162/(-1053) + 249/13. Let y(n) = 3*n**3 - 54*n**2 - 7*n + 6. What is the units digit of y(u)?
6
Let u(p) = 5*p**2 - 3*p - 19. Let n(x) = -x**3 - 7*x**2 - 4*x + 2. Let i be n(-6). Let z be u(i). Suppose -9*a = -2*a - z. What is the tens digit of a?
7
Suppose -3*k = -4*w - 45530, -7*k - 4*w = -3*k - 60688. What is the tens digit of k?
7
Let x(h) = 11*h**2 + 94*h + 991. What is the tens digit of x(-83)?
6
What is the units digit of 188/1*(35/10)/(1/14)?
2
Suppose 450998 + 98544 = 12*k + 92642. What is the units digit of k?
5
Suppose -77 - 52 = -w. Let c be (-5 - 30/(-6))*1. Suppose -3*f + c*f = -w. What is the units digit of f?
3
Let a = -210 - -212. Suppose a = c, 2*b - 14*c - 1400 = -16*c. What is the hundreds digit of b?
6
Let m = 594 - 342. Let t = m - 29. What is the hundreds digit of t?
2
Suppose 0 = f - 3*b + 3, -4*f - 9*b = -10*b - 10. Suppose -p - 1312 - 1245 = -2*k, -1276 = -k + f*p. What is the tens digit of k?
7
Suppose 4893 = 5*p + 4*f, -232*p - 5*f + 4890 = -227*p. What is the units digit of p?
1
Let a(r) = r**3 - 74*r**2 + 81*r + 19. What is the tens digit of a(75)?
1
What is the units digit of (1 - 8/(-16))/((-538100)/134528 - -4)?
6
Let d(k) = -2*k**2 - 2 - 2 + 3*k - 9*k + k**3 + 0. Let n be d(4). Let t(u) = 6*u**2 - 5*u - 3. What is the units digit of t(n)?
3
What is the units digit of (170/(-50) + 1)/(6/(-10940))?
6
Let l(q) = -6*q - 18. Let n be l(-3). Let i be (-3 + 3/1)/(-1). Suppose i = -3*m - 4*v + 135, -3*m + 2*v - v + 120 = n. What is the tens digit of m?
4
Let v(m) = 7*m**2 + 8*m - 2. Let p be v(3). What is the hundreds digit of 492*(p/(-15) - -6)?
1
Let o = -28848 - -50207. What is the thousands digit of o?
1
Let v(n) = n**2 + 16*n + 30. Let u be (-3 - (-78)/(-9))*3. Let r = -56 - u. What is the tens digit of v(r)?
3
Let q(k) = 1742*k - 393. What is the ten thousands digit of q(7)?
1
Let a(u) = 8*u**2 - 4*u + 6. Let q be a(5). Suppose 2*x + 3*l = -2*x + 7, 5 = l. What is the units digit of (q/(-15))/(x/5)?
1
Let z = 494 + -492. Suppose -4*u = -2*l + 720 + 864, -2*u = z*l - 1596. What is the units digit of l?
6
Let x = 869 - 815. What is the thousands digit of (1579/(-5))/((x/30)/(-9))?
1
Suppose -3*q = 2*b - q + 6, -2*b - q - 1 = 0. Let w be b/((-1)/4 + (-3)/(-4)). What is the tens digit of (w + -1 + 15/(-4))*-28?
2
Let r(y) be the second derivative of 11*y**4/6 - y**3/6 - 3*y**2/2 - 2*y - 47. What is the tens digit of r(-6)?
9
Suppose -4*y + 2*q + 9 = -41, 4*q + 16 = y. Suppose 14*n = 17*n - y. Suppose -375 = -n*d + s - 2*s, 0 = 2*d - 3*s - 205. What is the tens digit of d?
9
Suppose -616*